?
14
Calculate the remainder when 116117 is divided by 38600.
317
Calculate the remainder when 55083 is divided by 1343.
20
Calculate the remainder when 366101 is divided by 259.
134
Calculate the remainder when 7370857 is divided by 17.
14
What is the remainder when 27780086 is divided by 78?
74
Calculate the remainder when 5263 is divided by 2261.
741
What is the remainder when 6172254 is divided by 31?
30
What is the remainder when 277332 is divided by 27682?
512
Calculate the remainder when 169058493 is divided by 4.
1
What is the remainder when 257637555 is divided by 11?
10
What is the remainder when 2016452 is divided by 13006?
522
What is the remainder when 2408719 is divided by 637?
222
Calculate the remainder when 4020579 is divided by 1967.
31
What is the remainder when 982902 is divided by 31705?
47
What is the remainder when 27281668 is divided by 434?
428
What is the remainder when 516588 is divided by 287?
275
Calculate the remainder when 92477438 is divided by 821.
819
Calculate the remainder when 50569 is divided by 25273.
23
What is the remainder when 265656 is divided by 216?
192
What is the remainder when 1941903 is divided by 41?
20
What is the remainder when 952256 is divided by 8987?
8621
Calculate the remainder when 1962260 is divided by 3996.
224
What is the remainder when 19917728 is divided by 305?
8
Calculate the remainder when 206571 is divided by 34391.
225
Calculate the remainder when 310480 is divided by 722.
20
What is the remainder when 37991224 is divided by 7598242?
14
Calculate the remainder when 14323917 is divided by 101.
97
What is the remainder when 59069531 is divided by 31?
23
What is the remainder when 169032 is divided by 28160?
72
What is the remainder when 11813253 is divided by 26?
23
Calculate the remainder when 1728865 is divided by 864342.
181
Calculate the remainder when 19029 is divided by 14097.
4932
What is the remainder when 20002150 is divided by 61735?
10
What is the remainder when 1331771 is divided by 889?
49
Calculate the remainder when 249491 is divided by 1503.
1496
Calculate the remainder when 352216 is divided by 88045.
36
Calculate the remainder when 2903370 is divided by 65.
15
What is the remainder when 1356025 is divided by 808?
201
Calculate the remainder when 43077472 is divided by 6153908.
116
Calculate the remainder when 13934691 is divided by 1985.
1976
Calculate the remainder when 89865 is divided by 28890.
3195
What is the remainder when 399782 is divided by 133181?
239
Calculate the remainder when 124539 is divided by 17684.
751
Calculate the remainder when 1221794 is divided by 35879.
1908
What is the remainder when 87426 is divided by 4347?
486
What is the remainder when 790417 is divided by 528?
1
What is the remainder when 85464559 is divided by 94?
41
Calculate the remainder when 6373515 is divided by 6373359.
156
What is the remainder when 292126 is divided by 84?
58
What is the remainder when 310618 is divided by 956?
874
What is the remainder when 278992 is divided by 333?
271
What is the remainder when 3292803 is divided by 26133?
45
What is the remainder when 101233 is divided by 25267?
165
Calculate the remainder when 749714 is divided by 374843.
28
What is the remainder when 83630 is divided by 438?
410
Calculate the remainder when 9068936 is divided by 11.
8
Calculate the remainder when 3801404 is divided by 1093.
1043
What is the remainder when 31832 is divided by 1586?
112
Calculate the remainder when 1423252 is divided by 32345.
72
What is the remainder when 123938749 is divided by 1036?
1033
What is the remainder when 90918 is divided by 1212?
18
What is the remainder when 11195 is divided by 8917?
2278
Calculate the remainder when 620070 is divided by 945.
150
Calculate the remainder when 70866946 is divided by 3729839.
5
What is the remainder when 2926471 is divided by 1180?
71
What is the remainder when 2735166 is divided by 409?
183
What is the remainder when 71687456 is divided by 1845?
1826
Calculate the remainder when 27755996 is divided by 35539.
37
What is the remainder when 30365284 is divided by 7810?
4
Calculate the remainder when 146999891 is divided by 274.
261
Calculate the remainder when 13253 is divided by 69.
5
What is the remainder when 1160375 is divided by 193387?
53
Calculate the remainder when 47301 is divided by 11275.
2201
Calculate the remainder when 69379315 is divided by 27908.
27
What is the remainder when 2648714 is divided by 950?
114
Calculate the remainder when 14533073 is divided by 4844353.
14
Calculate the remainder when 16248 is divided by 499.
280
Calculate the remainder when 140053 is divided by 362.
321
Calculate the remainder when 7011922 is divided by 286.
60
What is the remainder when 536782 is divided by 76662?
148
Calculate the remainder when 717356 is divided by 1429.
1427
What is the remainder when 1421448 is divided by 23302?
26
Calculate the remainder when 479295 is divided by 1800.
495
What is the remainder when 61080 is divided by 56014?
5066
What is the remainder when 25782277 is divided by 12827?
7
Calculate the remainder when 657206 is divided by 136.
54
Calculate the remainder when 94823 is divided by 1202.
1067
What is the remainder when 2118024715 is divided by 118?
117
Calculate the remainder when 3242257 is divided by 3559.
8
What is the remainder when 1993737 is divided by 267?
48
Calculate the remainder when 5585555 is divided by 32.
19
Calculate the remainder when 439905999 is divided by 25.
24
Calculate the remainder when 24053999 is divided by 15253.
18
What is the remainder when 168381773 is divided by 27?
26
Calculate the remainder when 292521347 is divided by 122.
117
Calculate the remainder when 17108466 is divided by 11848.
11802
Calculate the remainder when 23701899 is divided by 4740376.
19
Calculate the remainder when 2747298 is divided by 102.
30
What is the remainder when 37657 is divided by 2154?
1039
What is the remainder when 7156 is divided by 3483?
190
Calculate the remainder when 940739018 is divided by 130.
128
What is the remainder when 325238 is divided by 4935?
4463
Calculate the remainder when 457553 is divided by 1809.
1685
Calculate the remainder when 11786640 is divided by 3703.
3694
Calculate the remainder when 20288276 is divided by 396.
8
Calculate the remainder when 54097139 is divided by 629.
623
What is the remainder when 13138304 is divided by 95?
89
What is the remainder when 3065559 is divided by 1255?
849
Calculate the remainder when 100957880 is divided by 10095786.
20
What is the remainder when 43961 is divided by 110?
71
What is the remainder when 7455273 is divided by 1242536?
57
What is the remainder when 898702000 is divided by 99?
97
Calculate the remainder when 32694 is divided by 8159.
58
What is the remainder when 52525 is divided by 100?
25
Calculate the remainder when 62350202 is divided by 236.
182
Calculate the remainder when 76457427 is divided by 1413.
1410
What is the remainder when 52879169 is divided by 17626388?
5
What is the remainder when 991548 is divided by 175?
173
What is the remainder when 8440157 is divided by 2813381?
14
Calculate the remainder when 10109199 is divided by 384.
15
Calculate the remainder when 1549963 is divided by 35.
23
What is the remainder when 15880695 is divided by 56?
47
Calculate the remainder when 374054 is divided by 2413.
39
Calculate the remainder when 35880985 is divided by 7176194.
15
What is the remainder when 582492 is divided by 34246?
310
What is the remainder when 357579 is divided by 378?
369
What is the remainder when 27631 is divided by 523?
435
What is the remainder when 155228 is divided by 19336?
540
Calculate the remainder when 957389 is divided by 23.
14
Calculate the remainder when 16203 is divided by 263.
160
What is the remainder when 34466590 is divided by 61?
4
What is the remainder when 1398197617 is divided by 567?
565
Calculate the remainder when 143627 is divided by 228.
215
What is the remainder when 3552850 is divided by 4503?
4486
Calculate the remainder when 10627531 is divided by 221405.
91
Calculate the remainder when 2008230 is divided by 28688.
70
Calculate the remainder when 113446 is divided by 6602.
1212
Calculate the remainder when 91360 is divided by 716.
428